6). Suppose j + 78 = 3*j - 5*b, 5*j = -l*b + 265. What is the highest common divisor of 28 and j?
7
Suppose 1748 = 10*h + 28*h. Let y be -1*(-1 - -1) - -2. What is the highest common factor of h and y?
2
Suppose -347 = -5*z + 1018. Calculate the highest common factor of 156 and z.
39
Suppose v = -22*v + 7383 - 2484. Calculate the highest common factor of v and 3337.
71
Let n be (1 - (-122)/3) + (-12)/(-36). Calculate the highest common factor of 147 and n.
21
Let a be 75/27 + (-32)/(-144). Suppose a*q + 96 = 3*x, 2*x - 4*q + 5*q = 70. Calculate the highest common divisor of 136 and x.
34
Let x(k) = k**3 - 28*k**2 + 20. Let i be x(28). Let n be (4/i*-2)/(2/(-120)). What is the greatest common factor of 324 and n?
12
Let o(l) = -4*l. Let m be o(-9). Suppose -6*s - 21 = -13*s. Suppose k + 5 = -0, 3*z + 3*k = -s. Calculate the greatest common divisor of z and m.
4
Let j(n) = 11*n + 1. Let v be j(1). Let o = v + 3. Let t = -583 + 718. Calculate the highest common factor of t and o.
15
Let d(o) = 2*o**2 + 8*o - 22. Let n be d(-6). Suppose n*t = -3*z + 17, t - 18 + 7 = -2*z. What is the greatest common factor of t and 25?
1
Let u = -449 - -759. Let x = -271 + u. Let a = 50 - 24. Calculate the greatest common divisor of x and a.
13
Let n be 4204/10 - 910/2275. Calculate the greatest common factor of 820 and n.
20
Suppose -17*q + 19 = -15. Suppose -11*u + 12*u = q. Calculate the highest common divisor of 74 and u.
2
Suppose -5*b = -5*z + 45, -4*z + 7*z - 42 = -2*b. Suppose -324*d + 1344 = -100*d. What is the highest common factor of z and d?
6
Suppose -23*i + 428 + 55 = 0. Suppose -i*t - 99 + 309 = 0. What is the highest common divisor of t and 90?
10
Let c(u) = -u**3 - 4*u**2 + 16*u - 8. Let x be c(-8). Let j be (-483)/(-24) - 15/x. What is the greatest common divisor of j and 800?
20
Let y = -3331 - -5410. Suppose 7*a - 567 = y. Calculate the highest common factor of 27 and a.
27
Let p be (394/(-14) - -5)/(42/(-196)). What is the highest common factor of 414 and p?
18
Let y be (-5)/(-1 - 4/(-5)). Let m = -562 + 584. Suppose -m*t + 2*t = -2500. Calculate the highest common divisor of t and y.
25
Suppose 1237*k - 28680 = 423*k - 620*k. Let p = -13 - -23. What is the greatest common divisor of p and k?
10
Suppose -112*u = -29*u - 11705 - 15270. What is the highest common divisor of u and 13?
13
Let n(h) = -137*h - 2685. Let t be n(-31). Calculate the greatest common divisor of t and 242.
22
Let c(g) = 90*g**2 + 12*g - 222. Let b be c(14). Calculate the greatest common factor of b and 18.
18
Let l(v) = -281*v - 3033. Let y be l(-14). Calculate the highest common factor of 53 and y.
53
Let k be (42/56)/(2/8). Suppose -96 = -k*c + h - 21, 4*c - 2*h - 98 = 0. What is the greatest common divisor of 221 and c?
13
Let z = -184 + 316. Let b(h) = 2*h**3 + 5*h**2 + h + 6. Let u be b(-5). Let l = z + u. Calculate the greatest common factor of 8 and l.
8
Suppose -66 = 7*w - 10*w. Let y = 25 - w. Suppose 4*x - 64 = 6*l - 2*l, -l = -5*x + 76. What is the greatest common factor of y and x?
3
Let d(b) = b**3 - b**2 - 5*b + 6. Suppose 0 = -k - 5*z - 9 + 4, 2*k - 20 = 5*z. Let x be d(k). Calculate the greatest common divisor of 18 and x.
9
Suppose 0 = -q + 2*h + 16, -3*q + 0*h + 13 = h. Suppose 0 = 14*b - q*b - 704. What is the highest common divisor of 8 and b?
8
Let r = -486 - -487. Let a be 30/(12/2) - (-61)/r. Calculate the highest common factor of 297 and a.
33
Let o = 218 - 216. Suppose 5*c - 4*w - 1332 = 0, -5*w + 1311 = 5*c - o*w. What is the highest common divisor of 11 and c?
11
Suppose -150 = -4*v - 38. Let k(j) = -j**2 - 330*j + 18332. Let y be k(46). Calculate the greatest common factor of v and y.
28
Let p = -4753 - -2311. Let h be (-11)/(-66) - p/36. What is the highest common factor of 272 and h?
68
Let u = 5030 + -4512. What is the greatest common factor of u and 70?
14
Let u(v) = -37*v + 11. Let h be u(0). Suppose h*j - 40 = 26. Calculate the greatest common factor of j and 186.
6
Suppose -147*k = 125*k - 135456. Calculate the greatest common divisor of k and 4150.
166
Let c(x) = -x**2 - 13*x + 11. Let s be c(-13). Suppose 6 = -w + s. Suppose -w*l + 130 = -5. What is the highest common factor of l and 216?
27
Let m(y) = y**2 + 24*y + 70. Let p be m(-19). Let z(c) = -c**3 - 24*c**2 + 23*c - 41. Let u be z(p). Calculate the highest common divisor of 4 and u.
1
Suppose 3 = 4*k - 5. Suppose k*x - 432 = 4*c, -x = 4*x + c - 1047. Suppose 14 = -14*f + x. What is the greatest common factor of 126 and f?
14
Suppose -n + 5 = 0, 0 = -9*f + 5*f - 3*n + 1167. What is the greatest common divisor of 648 and f?
72
Let d be -2 - 796/(4/(-4)). Suppose d - 244 = 5*i. Let a(g) = 11*g**2 + 2*g + 1. Let r be a(-1). Calculate the greatest common factor of i and r.
10
Let y be 21/56 + -4 + (-7700)/(-32). What is the greatest common divisor of 3 and y?
3
Let k(i) be the second derivative of i**5/20 + i**4/6 - 17*i**3/6 - 4*i**2 - 37*i. Let h be k(-4). What is the greatest common divisor of h and 378?
14
Suppose 0*f - 1344 = 12*f. Let t = 140 + f. Calculate the highest common divisor of 28 and t.
28
Let h(o) = -o**2 - 10*o - 17. Let v be h(-8). Let f be v/2*-18 - (1 + 0). Let j be ((-2)/(-8) + (-90)/f)*-2. Calculate the highest common factor of 33 and j.
11
Suppose -94*o - 72 = -97*o. Suppose 0 = -0*q + o*q - 1680. What is the highest common divisor of q and 40?
10
Let s = 175 - 123. Suppose 1545 = 3*z + 4*d - d, -z = 2*d - 519. Suppose -269 = -6*c + z. What is the greatest common factor of c and s?
26
Suppose 2*z + 2*q - 632 = 0, -16 = 8*q - 12*q. Suppose -25*v + 31*v - z = 0. What is the highest common divisor of v and 13?
13
Let t = 11411 - 11273. Calculate the highest common factor of t and 4002.
138
Let z = 10586 - 10508. Let n(x) = -44*x**3 + 3*x + 5. Let a be n(-2). Calculate the greatest common factor of a and z.
39
Let w(f) = f**3 + 86*f**2 + 884*f - 281. Let r be w(-74). What is the highest common divisor of 123 and r?
3
Let s be 23 + -22 + 2 + 277. Calculate the greatest common factor of 4424 and s.
56
Let c = 33 + -23. Suppose 5*o - 4*j - 18 = 0, 0 = -j + 2 + 1. Suppose -o*v + v = -125. Calculate the highest common factor of c and v.
5
Let s be -3 + (5 - -1) + 0 - -1. Let v be (-36)/(-7) - s/28. Suppose -2*k + 28 = -22. What is the highest common divisor of v and k?
5
Let h = 6937 - 4102. Calculate the greatest common factor of 90 and h.
45
Let k be ((-1211584)/2090 - (-4)/38)/((-21)/70). Calculate the greatest common divisor of 1518 and k.
138
Let k = 1395 - 1351. What is the highest common factor of 6116 and k?
44
Let c(i) = i**2 + 139*i + 1574. Let x be c(-12). Let u be (3 + -8)*2/(-5). What is the greatest common factor of x and u?
2
Let b = -69 - -63. Let j be ((-462)/7)/(-2*(-5 - b)). Calculate the greatest common factor of j and 341.
11
Let v(l) = -558*l**2 - 2*l + 1. Let n be v(1). Let d = n + 593. Calculate the highest common factor of d and 170.
34
Suppose 5*v = -2*k + 923, -3*k = -5*v - 771 - 626. What is the highest common factor of k and 176?
16
Suppose 4 = 6*v - 4*v. Suppose 5*z + 70 = 5*u, -3*u - 9*z + 26 = -4*z. Let d be (-16)/v*(-9)/u. What is the greatest common divisor of 48 and d?
6
Let n = 48 - -42. Suppose 368*v + 146*v = 27756. Calculate the greatest common divisor of n and v.
18
Suppose -11*u + 385 = 110. Let f = u - 20. Let v be (0 - 2 - -164) + f + -2. What is the greatest common divisor of 15 and v?
15
Let z = 16 + 44. Suppose 18 + z = 6*b. Suppose -3*c = -3*s - 9, 0*c = -4*c + 3*s + b. What is the highest common divisor of 10 and c?
2
Suppose 29*w = 20236 + 117659. What is the greatest common factor of 30 and w?
15
Let z(p) = -4*p**2 - 120*p + 926. Let n be z(-35). Calculate the highest common divisor of 8249 and n.
113
Let l(k) = k**2 + k - 11. Let g be l(3). Let w(n) = 4*n**3 + n**2 - 1. Let j be w(g). What is the highest common factor of 16 and j?
4
Let t(f) = -f**3 + 7*f**2 + 8*f + 5. Let r be t(8). Let j(o) = -29*o - 4. Let d be j(4). Let a be 12/8*d/(-9). Calculate the highest common factor of r and a.
5
Let i(b) = 2*b**2 - 6*b + 2. Let u be i(4). Suppose -20*f + 12 = -188. What is the highest common factor of f and u?
10
Let p be (-13)/2 + (-56975)/(-86). Calculate the greatest common divisor of p and 451.
41
Let r be (-24 + 9)